Does 37 divide 16332781?
False
Is 5599101 a multiple of 14?
False
Does 27 divide 25569?
True
Does 73 divide 118453?
False
Is 12 a factor of 300912?
True
Does 122 divide 1958609?
False
Is 3474450 a multiple of 10?
True
Is 1679089 a multiple of 114?
False
Is 118482 a multiple of 21?
True
Does 158 divide 886699?
False
Is 44025 a multiple of 25?
True
Does 15 divide 294540?
True
Is 10 a factor of 53030?
True
Is 828736 a multiple of 563?
True
Is 20 a factor of 484320?
True
Is 100 a factor of 63700?
True
Is 771947 a multiple of 11?
True
Is 43 a factor of 1497190?
False
Does 290 divide 20512?
False
Is 5191763 a multiple of 29?
False
Does 13 divide 83226?
True
Is 9 a factor of 182?
False
Is 375514 a multiple of 57?
False
Is 212 a factor of 1153068?
True
Is 5 a factor of 370279?
False
Does 52 divide 384191?
False
Is 56 a factor of 241808?
True
Is 54 a factor of 14020?
False
Does 26 divide 891445?
False
Is 1329268 a multiple of 239?
False
Does 13 divide 621530?
True
Is 15 a factor of 172455?
True
Does 38 divide 10871?
False
Does 518 divide 575278?
False
Does 119 divide 1354571?
False
Is 329 a factor of 66683?
False
Is 581133 a multiple of 161?
False
Is 22 a factor of 871200?
True
Does 6 divide 9433213?
False
Does 75 divide 415944?
False
Does 5 divide 1818415?
True
Does 121 divide 5027429?
True
Does 45 divide 40320?
True
Does 32 divide 399678?
False
Does 28 divide 198464?
True
Is 4946975 a multiple of 778?
False
Is 15 a factor of 117315?
True
Is 21 a factor of 6552?
True
Does 137 divide 535998?
False
Is 1289956 a multiple of 18?
False
Does 1137 divide 28525056?
True
Does 73 divide 252069?
True
Does 169 divide 30843683?
True
Is 2707747 a multiple of 137?
False
Does 12 divide 1295712?
True
Is 141 a factor of 1892979?
False
Is 1705125 a multiple of 648?
False
Does 36 divide 98154?
False
Is 45 a factor of 2379261?
False
Does 45 divide 1058995?
False
Is 39524 a multiple of 32?
False
Is 61 a factor of 39650?
True
Is 349760 a multiple of 21?
False
Does 2 divide 75255?
False
Is 3434324 a multiple of 487?
True
Does 9 divide 2505116?
False
Is 18836 a multiple of 2?
True
Does 12 divide 33793?
False
Is 602868 a multiple of 14?
True
Is 19 a factor of 292676?
True
Is 203874 a multiple of 57?
False
Is 86 a factor of 2078964?
True
Is 9 a factor of 27104?
False
Is 838 a factor of 5835292?
False
Does 35 divide 48340?
False
Is 115 a factor of 8830?
False
Is 81888 a multiple of 24?
True
Does 50 divide 337600?
True
Does 18 divide 1754784?
True
Is 393142 a multiple of 82?
False
Is 674 a factor of 655276?
False
Does 43 divide 2945825?
False
Is 6902403 a multiple of 456?
False
Does 42 divide 106050?
True
Is 114 a factor of 2043906?
True
Is 21 a factor of 1247358?
True
Is 54007 a multiple of 7?
False
Is 2380 a multiple of 10?
True
Is 3627780 a multiple of 161?
False
Is 6 a factor of 1666736?
False
Does 514 divide 2933912?
True
Is 447 a factor of 4131?
False
Is 100 a factor of 251469?
False
Is 78 a factor of 21684?
True
Is 203 a factor of 80259?
False
Is 56 a factor of 133423?
False
Is 88 a factor of 401720?
True
Is 127457 a multiple of 4?
False
Is 12652558 a multiple of 191?
False
Does 51 divide 42580?
False
Is 1749 a factor of 18915435?
True
Is 6 a factor of 46902?
True
Is 191 a factor of 87860?
True
Does 624 divide 20127968?
False
Is 3746403 a multiple of 761?
True
Is 10 a factor of 550352?
False
Does 295 divide 6980214?
False
Is 16836 a multiple of 23?
True
Is 30 a factor of 78160?
False
Does 102 divide 265789?
False
Does 72 divide 190874?
False
Does 1081 divide 2284959?
False
Is 54 a factor of 131711?
False
Does 49 divide 119756?
True
Is 11548474 a multiple of 34?
True
Is 78 a factor of 219869?
False
Is 87 a factor of 79083?
True
Is 155302 a multiple of 66?
False
Is 23 a factor of 1137470?
False
Is 45 a factor of 6842056?
False
Is 90920 a multiple of 40?
True
Is 3201950 a multiple of 295?
False
Is 10 a factor of 2502860?
True
Does 21 divide 3633?
True
Is 472491 a multiple of 8?
False
Is 25118131 a multiple of 228?
False
Is 136 a factor of 296949?
False
Is 7 a factor of 23019?
False
Does 162 divide 73710?
True
Is 45 a factor of 49982?
False
Does 36 divide 5332464?
True
Is 20 a factor of 41271?
False
Is 1799343 a multiple of 169?
True
Is 664641 a multiple of 7?
False
Is 34690 a multiple of 14?
False
Does 11 divide 432151?
False
Is 10 a factor of 71090?
True
Is 393726 a multiple of 225?
False
Does 214 divide 510390?
True
Is 21 a factor of 248619?
True
Is 9364572 a multiple of 567?
True
Is 423694 a multiple of 41?
True
Is 83 a factor of 36413?
False
Is 317016 a multiple of 34?
True
Is 902 a factor of 628631?
False
Does 23 divide 2479014?
False
Is 34 a factor of 381814?
False
Is 25 a factor of 1367775?
True
Is 94 a factor of 292934?
False
Is 321116 a multiple of 14?
False
Is 10768 a multiple of 4?
True
Is 27 a factor of 13340740?
False
Is 7 a factor of 19199?
False
Is 78 a factor of 137670?
True
Is 18550593 a multiple of 12?
False
Does 66 divide 369602?
False
Does 4 divide 266503?
False
Is 42912 a multiple of 9?
True
Is 9475900 a multiple of 55?
False
Is 258726 a multiple of 206?
False
Is 97 a factor of 1175543?
True
Is 729 a factor of 945493?
False
Is 7 a factor of 859423?
False
Does 208 divide 8991840?
True
Is 1012578 a multiple of 549?
False
Is 15 a factor of 240885?
True
Is 4081971 a multiple of 69?
True
Is 935087 a multiple of 32?
False
Does 2 divide 1526952?
True
Is 153 a factor of 161872?
False
Is 90703 a multiple of 44?
False
Does 12 divide 541680?
True
Does 303 divide 14142222?
True
Is 1196778 a multiple of 66?
True
Does 124 divide 148598?
False
Is 128 a factor of 399445?
False
Is 410952 a multiple of 410?
False
Is 29849 a multiple of 3?
False
Is 499 a multiple of 18?
False
Does 19 divide 96167?
False
Is 12 a factor of 1878060?
True
Does 45 divide 1433655?
True
Does 13 divide 435643?
True
Does 31 divide 259465?
False
Is 7 a factor of 1387610?
True
Does 50 divide 76817?
False
Is 755 a factor of 21541660?
True
Does 71 divide 3318611?
True
Does 89 divide 405344?
False
Is 14 a factor of 578452?
True
Does 709 divide 40413?
True
Is 4 a factor of 1108340?
True
Is 82200 a multiple of 50?
True
Is 77723 a multiple of 38?
False
Is 335 a factor of 471271?
False
Does 55 divide 210045?
True
Is 44 a factor of 28445?
False
Is 458450 a multiple of 173?
True
Is 95 a factor of 29165?
True
Is 8039502 a multiple of 367?
True
Is 11 a factor of 3946487?
False
Does 5 divide 4133898?
False
Is 5946717 a multiple of 1393?
True
Is 70 a factor of 1778350?
True
Is 412754 a multiple of 67?
False
Is 861 a factor of 11353146?
True
Is 215957 a multiple of 139?
False
Is 107780 a multiple of 4?
True
Is 6 a factor of 377298?
True
Is 9 a factor of 25355?
False
Is 20 a factor of 2969840?
True
Is 66988 a multiple of 11?
False
Is 3162835 a multiple of 65?
True
Is 16 a factor of 507391?
False
Is 19 a factor of 13452?
True
Is 166 a factor of 5175867?
False
Is 85 a factor of 793050?
True
Does 995 divide 7295333?
False
Is 315 a multiple of 105?
True
Does 8 divide 9411321?
False
Is 41 a factor of 3803119?
True
Does 184 divide 58880?
True
Is 90869 a multiple of 24?
False
Is 124200 a multiple of 100?
True
Does 34 divide 2106041?
False
Does 502 divide 168170?
True
Does 17 divide 820668?
False
Does 7 divide 21698?
False
Does 16 divide 99856?
True
Is 125580 a multiple of 345?
True
Does 11 divide 8986098?
True
Is 8115359 a multiple of 37?
False
Is 23 a factor of 722729?
True
Does 18 divide 750096?
True
Does 6 divide 2742596?
False
Does 28 divide 664804?
True
Is 8 a factor of 339680?
True
Is 55 a factor of 28097?
False
Is 1792124 a multiple of 53?
False
Is 38256 a multiple of 6?
True
Is 182593 a multiple of 40?
False
Is 57 a factor of 30921?
False
Does 7 divide 41034?
True
Is 79 a factor of 264887?
True
Is 2204772 a multiple of 73?
False
Is 3703128 a multiple of 507?
True
Is 89148 a multiple of 57?
True
Is 321 a factor of 71885?
False
Does 143 divide 225748?
False
Is 241 a factor of 1739538?
True
Does 437 divide 4686825?
True
Does 63 divide 1921452?
False
Does 55 divide 7330343?
False
Does 497 divide 5960521?
True
Is 14 a factor of 3906924?
True
Is 47855 a multiple of 17?
True
Does 3 divide 13486?
False
Is 216 a factor of 15661296?
True
Is 287220 a multiple of 60?
True
Does 32 divide 1312096?
True
Is 78287 a multiple o